{"id":645,"date":"2019-03-16T18:10:45","date_gmt":"2019-03-16T17:10:45","guid":{"rendered":"http:\/\/dasgefairt.de\/?page_id=645"},"modified":"2024-01-17T10:12:45","modified_gmt":"2024-01-17T09:12:45","slug":"presse","status":"publish","type":"page","link":"https:\/\/das-gefairt.de\/?page_id=645","title":{"rendered":"Presse"},"content":{"rendered":"<p><span style=\"color: #008000;\"><strong>Pressetexte und Fotos (frei zu verwenden f\u00fcr Werbung f\u00fcr&#8217;s Gefairt)<\/strong><\/span><\/p>\n<p>Bitte verwenden Sie die Texte und Bilder gerne erg\u00e4nzt um die notwendigen Informationen rund um Ihre Veranstaltung.<\/p>\n<p>1179 Zeichen<\/p>\n<p>Das Gefairt- unterwegs mit fairer Kleidung<\/p>\n<p>Das Gefairt ist ein mobiler Laden mit fair gehandelter Kleidung f\u00fcr Frauen und M\u00e4nner. Seit April 2017 l\u00e4sst sich die Inhaberin Wiebke Nauber einladen zu Veranstaltungen, bei denen das Thema fairer Handel in irgend einer Weise angesprochen wird oder vorkommen soll.<\/p>\n<p>Mittlerweile ist das Gefairt ein neues MAN-Fahrzeug, das den alten Iveco abgel\u00f6st hat.<\/p>\n<p>Wiebke Nauber legt Wert darauf, eine breite Auswahl an alltagstauglicher Kleidung zu haben und keinem bestimmten Stil zu folgen. Die Kleidung ist aus Baumwolle, Hanf, Leinen, und verschiedenen Varianten von Viskose (Zellstoffe aus Holz wie Tencel oder Modal). Alle Sachen sind auf unterschiedliche Weise Bio-zertifiziert und nach den Normen der \u201eInternational labour organization\u201c fair produziert.<\/p>\n<p>Im Rahmen dessen, was fair m\u00f6glich ist, bem\u00fcht Frau Nauber sich auch darum, in der breiten Menge nicht zu hochpreisig zu sein. Es gibt Jeans ab 95 Euro, T-Shirts ab 24 Euro, das meiste in den Gr\u00f6\u00dfen 36-44, einiges auch in 46, einzelnes gr\u00f6\u00dfer.<\/p>\n<p>Weitere Informationen, einen \u00dcberblick \u00fcber die \u201eHaltestellen\u201c und einige Fotos finden Sie auf der Homepage des Gefairts: <a href=\"http:\/\/www.das-gefairt.de\/\">www.das-gefairt.de<\/a><\/p>\n<p>944 Zeichen<\/p>\n<p>Das Gefairt- unterwegs mit fairer Kleidung<\/p>\n<p>Das Gefairt ist ein mobiler Laden mit fair gehandelter Kleidung f\u00fcr Frauen und M\u00e4nner. Seit April 2017 l\u00e4sst sich die Inhaberin Wiebke Nauber einladen zu Veranstaltungen, bei denen das Thema fairer Handel in irgend einer Weise angesprochen wird oder vorkommen soll.<\/p>\n<p>Mittlerweile ist das Gefairt ein neues MAN-Fahrzeug, das den alten Iveco abgel\u00f6st hat.<\/p>\n<p>Die Auswahl alltagstauglicher Kleidung ist auf unterschiedliche Weise Bio-zertifiziert und nach den Normen der \u201eInternational labour organization\u201c fair produziert.<\/p>\n<p>Im Rahmen dessen, was fair m\u00f6glich ist, bem\u00fcht Frau Nauber sich auch darum, in der breiten Menge nicht zu hochpreisig zu sein. Es gibt Jeans ab 95 Euro, T-Shirts ab 24 Euro, das meiste in den Gr\u00f6\u00dfen 36-44, einiges auch in 46, einzelnes gr\u00f6\u00dfer.<\/p>\n<p>Weitere Informationen, einen \u00dcberblick \u00fcber die \u201eHaltestellen\u201c und einige Fotos finden Sie auf der Homepage des Gefairts: <a href=\"http:\/\/www.das-gefairt.de\/\">www.das-gefairt.de<\/a><\/p>\n<p>365 Zeichen<\/p>\n<p>Das Gefairt ist ein mobiler Laden mit fair gehandelter und bio-zertifizierter Kleidung f\u00fcr Frauen und M\u00e4nner. Wiebke Nauber l\u00e4sst sich einladen zu Veranstaltungen, bei denen das Thema fairer Handel thematisiert werden soll. Weitere Informationen, einen \u00dcberblick \u00fcber die \u201eHaltestellen\u201c und einige Fotos finden Sie auf der Homepage des Gefairts: <a href=\"http:\/\/www.das-gefairt.de\/\">www.das-gefairt.de<\/a><\/p>\n<p><img loading=\"lazy\" class=\"alignnone size-medium wp-image-1227\" src=\"http:\/\/dasgefairt.de\/wp-content\/uploads\/2021\/07\/Fahrzeug-neues-Bild-GEFAIRT-300x279.png\" alt=\"\" width=\"300\" height=\"279\" srcset=\"https:\/\/das-gefairt.de\/wp-content\/uploads\/2021\/07\/Fahrzeug-neues-Bild-GEFAIRT-300x279.png 300w, https:\/\/das-gefairt.de\/wp-content\/uploads\/2021\/07\/Fahrzeug-neues-Bild-GEFAIRT-768x713.png 768w, https:\/\/das-gefairt.de\/wp-content\/uploads\/2021\/07\/Fahrzeug-neues-Bild-GEFAIRT-1024x951.png 1024w, https:\/\/das-gefairt.de\/wp-content\/uploads\/2021\/07\/Fahrzeug-neues-Bild-GEFAIRT.png 1276w\" sizes=\"(max-width: 300px) 100vw, 300px\" \/><img loading=\"lazy\" class=\"alignnone size-medium wp-image-1871\" src=\"http:\/\/dasgefairt.de\/wp-content\/uploads\/2024\/01\/Gefairt-2.0-im-Einsatz-300x225.jpg\" alt=\"\" width=\"300\" height=\"225\" srcset=\"https:\/\/das-gefairt.de\/wp-content\/uploads\/2024\/01\/Gefairt-2.0-im-Einsatz-300x225.jpg 300w, https:\/\/das-gefairt.de\/wp-content\/uploads\/2024\/01\/Gefairt-2.0-im-Einsatz-1024x768.jpg 1024w, https:\/\/das-gefairt.de\/wp-content\/uploads\/2024\/01\/Gefairt-2.0-im-Einsatz-768x576.jpg 768w, https:\/\/das-gefairt.de\/wp-content\/uploads\/2024\/01\/Gefairt-2.0-im-Einsatz.jpg 1280w\" sizes=\"(max-width: 300px) 100vw, 300px\" \/><\/p>\n<p><span style=\"color: #008000;\"><strong><img loading=\"lazy\" class=\"alignnone size-medium wp-image-1252\" src=\"http:\/\/dasgefairt.de\/wp-content\/uploads\/2021\/08\/Gefairt-2021-119-kleiner-300x200.jpg\" alt=\"\" width=\"300\" height=\"200\" srcset=\"https:\/\/das-gefairt.de\/wp-content\/uploads\/2021\/08\/Gefairt-2021-119-kleiner-300x200.jpg 300w, https:\/\/das-gefairt.de\/wp-content\/uploads\/2021\/08\/Gefairt-2021-119-kleiner-768x512.jpg 768w, https:\/\/das-gefairt.de\/wp-content\/uploads\/2021\/08\/Gefairt-2021-119-kleiner-1024x683.jpg 1024w, https:\/\/das-gefairt.de\/wp-content\/uploads\/2021\/08\/Gefairt-2021-119-kleiner-750x500.jpg 750w, https:\/\/das-gefairt.de\/wp-content\/uploads\/2021\/08\/Gefairt-2021-119-kleiner.jpg 1620w\" sizes=\"(max-width: 300px) 100vw, 300px\" \/><img loading=\"lazy\" class=\"alignnone size-medium wp-image-1873\" src=\"http:\/\/dasgefairt.de\/wp-content\/uploads\/2024\/01\/Kleidung-fairbio-schwarz-300x115.png\" alt=\"\" width=\"300\" height=\"115\" srcset=\"https:\/\/das-gefairt.de\/wp-content\/uploads\/2024\/01\/Kleidung-fairbio-schwarz-300x115.png 300w, https:\/\/das-gefairt.de\/wp-content\/uploads\/2024\/01\/Kleidung-fairbio-schwarz-1024x393.png 1024w, https:\/\/das-gefairt.de\/wp-content\/uploads\/2024\/01\/Kleidung-fairbio-schwarz-768x295.png 768w, https:\/\/das-gefairt.de\/wp-content\/uploads\/2024\/01\/Kleidung-fairbio-schwarz-1536x589.png 1536w, https:\/\/das-gefairt.de\/wp-content\/uploads\/2024\/01\/Kleidung-fairbio-schwarz.png 1773w\" sizes=\"(max-width: 300px) 100vw, 300px\" \/><\/strong><\/span><\/p>\n","protected":false},"excerpt":{"rendered":"<p>Pressetexte und Fotos (frei zu verwenden f\u00fcr Werbung f\u00fcr&#8217;s Gefairt) Bitte verwenden Sie die Texte und Bilder gerne erg\u00e4nzt um die notwendigen Informationen rund um Ihre Veranstaltung. 1179 Zeichen Das Gefairt- unterwegs mit fairer Kleidung Das Gefairt ist ein mobiler Laden mit fair gehandelter Kleidung f\u00fcr Frauen und M\u00e4nner. Seit April 2017 l\u00e4sst sich die [&hellip;]<\/p>\n","protected":false},"author":1,"featured_media":0,"parent":0,"menu_order":0,"comment_status":"closed","ping_status":"closed","template":"","meta":[],"_links":{"self":[{"href":"https:\/\/das-gefairt.de\/index.php?rest_route=\/wp\/v2\/pages\/645"}],"collection":[{"href":"https:\/\/das-gefairt.de\/index.php?rest_route=\/wp\/v2\/pages"}],"about":[{"href":"https:\/\/das-gefairt.de\/index.php?rest_route=\/wp\/v2\/types\/page"}],"author":[{"embeddable":true,"href":"https:\/\/das-gefairt.de\/index.php?rest_route=\/wp\/v2\/users\/1"}],"replies":[{"embeddable":true,"href":"https:\/\/das-gefairt.de\/index.php?rest_route=%2Fwp%2Fv2%2Fcomments&post=645"}],"version-history":[{"count":7,"href":"https:\/\/das-gefairt.de\/index.php?rest_route=\/wp\/v2\/pages\/645\/revisions"}],"predecessor-version":[{"id":1879,"href":"https:\/\/das-gefairt.de\/index.php?rest_route=\/wp\/v2\/pages\/645\/revisions\/1879"}],"wp:attachment":[{"href":"https:\/\/das-gefairt.de\/index.php?rest_route=%2Fwp%2Fv2%2Fmedia&parent=645"}],"curies":[{"name":"wp","href":"https:\/\/api.w.org\/{rel}","templated":true}]}}

<p><span style="color: #008000;"><strong>Pressetexte und Fotos (frei zu verwenden für Werbung für&#8217;s Gefairt)</strong></span></p>
<p>Bitte verwenden Sie die Texte und Bilder gerne ergänzt um die notwendigen Informationen rund um Ihre Veranstaltung.</p>
<p>1179 Zeichen</p>
<p>Das Gefairt- unterwegs mit fairer Kleidung</p>
<p>Das Gefairt ist ein mobiler Laden mit fair gehandelter Kleidung für Frauen und Männer. Seit April 2017 lässt sich die Inhaberin Wiebke Nauber einladen zu Veranstaltungen, bei denen das Thema fairer Handel in irgend einer Weise angesprochen wird oder vorkommen soll.</p>
<p>Mittlerweile ist das Gefairt ein neues MAN-Fahrzeug, das den alten Iveco abgelöst hat.</p>
<p>Wiebke Nauber legt Wert darauf, eine breite Auswahl an alltagstauglicher Kleidung zu haben und keinem bestimmten Stil zu folgen. Die Kleidung ist aus Baumwolle, Hanf, Leinen, und verschiedenen Varianten von Viskose (Zellstoffe aus Holz wie Tencel oder Modal). Alle Sachen sind auf unterschiedliche Weise Bio-zertifiziert und nach den Normen der „International labour organization“ fair produziert.</p>
<p>Im Rahmen dessen, was fair möglich ist, bemüht Frau Nauber sich auch darum, in der breiten Menge nicht zu hochpreisig zu sein. Es gibt Jeans ab 95 Euro, T-Shirts ab 24 Euro, das meiste in den Größen 36-44, einiges auch in 46, einzelnes größer.</p>
<p>Weitere Informationen, einen Überblick über die „Haltestellen“ und einige Fotos finden Sie auf der Homepage des Gefairts: <a href="http://www.das-gefairt.de/">www.das-gefairt.de</a></p>
<p>944 Zeichen</p>
<p>Das Gefairt- unterwegs mit fairer Kleidung</p>
<p>Das Gefairt ist ein mobiler Laden mit fair gehandelter Kleidung für Frauen und Männer. Seit April 2017 lässt sich die Inhaberin Wiebke Nauber einladen zu Veranstaltungen, bei denen das Thema fairer Handel in irgend einer Weise angesprochen wird oder vorkommen soll.</p>
<p>Mittlerweile ist das Gefairt ein neues MAN-Fahrzeug, das den alten Iveco abgelöst hat.</p>
<p>Die Auswahl alltagstauglicher Kleidung ist auf unterschiedliche Weise Bio-zertifiziert und nach den Normen der „International labour organization“ fair produziert.</p>
<p>Im Rahmen dessen, was fair möglich ist, bemüht Frau Nauber sich auch darum, in der breiten Menge nicht zu hochpreisig zu sein. Es gibt Jeans ab 95 Euro, T-Shirts ab 24 Euro, das meiste in den Größen 36-44, einiges auch in 46, einzelnes größer.</p>
<p>Weitere Informationen, einen Überblick über die „Haltestellen“ und einige Fotos finden Sie auf der Homepage des Gefairts: <a href="http://www.das-gefairt.de/">www.das-gefairt.de</a></p>
<p>365 Zeichen</p>
<p>Das Gefairt ist ein mobiler Laden mit fair gehandelter und bio-zertifizierter Kleidung für Frauen und Männer. Wiebke Nauber lässt sich einladen zu Veranstaltungen, bei denen das Thema fairer Handel thematisiert werden soll. Weitere Informationen, einen Überblick über die „Haltestellen“ und einige Fotos finden Sie auf der Homepage des Gefairts: <a href="http://www.das-gefairt.de/">www.das-gefairt.de</a></p>
<p><img loading="lazy" class="alignnone size-medium wp-image-1227" src="http://dasgefairt.de/wp-content/uploads/2021/07/Fahrzeug-neues-Bild-GEFAIRT-300x279.png" alt="" width="300" height="279" srcset="https://das-gefairt.de/wp-content/uploads/2021/07/Fahrzeug-neues-Bild-GEFAIRT-300x279.png 300w, https://das-gefairt.de/wp-content/uploads/2021/07/Fahrzeug-neues-Bild-GEFAIRT-768x713.png 768w, https://das-gefairt.de/wp-content/uploads/2021/07/Fahrzeug-neues-Bild-GEFAIRT-1024x951.png 1024w, https://das-gefairt.de/wp-content/uploads/2021/07/Fahrzeug-neues-Bild-GEFAIRT.png 1276w" sizes="(max-width: 300px) 100vw, 300px" /><img loading="lazy" class="alignnone size-medium wp-image-1871" src="http://dasgefairt.de/wp-content/uploads/2024/01/Gefairt-2.0-im-Einsatz-300x225.jpg" alt="" width="300" height="225" srcset="https://das-gefairt.de/wp-content/uploads/2024/01/Gefairt-2.0-im-Einsatz-300x225.jpg 300w, https://das-gefairt.de/wp-content/uploads/2024/01/Gefairt-2.0-im-Einsatz-1024x768.jpg 1024w, https://das-gefairt.de/wp-content/uploads/2024/01/Gefairt-2.0-im-Einsatz-768x576.jpg 768w, https://das-gefairt.de/wp-content/uploads/2024/01/Gefairt-2.0-im-Einsatz.jpg 1280w" sizes="(max-width: 300px) 100vw, 300px" /></p>
<p><span style="color: #008000;"><strong><img loading="lazy" class="alignnone size-medium wp-image-1252" src="http://dasgefairt.de/wp-content/uploads/2021/08/Gefairt-2021-119-kleiner-300x200.jpg" alt="" width="300" height="200" srcset="https://das-gefairt.de/wp-content/uploads/2021/08/Gefairt-2021-119-kleiner-300x200.jpg 300w, https://das-gefairt.de/wp-content/uploads/2021/08/Gefairt-2021-119-kleiner-768x512.jpg 768w, https://das-gefairt.de/wp-content/uploads/2021/08/Gefairt-2021-119-kleiner-1024x683.jpg 1024w, https://das-gefairt.de/wp-content/uploads/2021/08/Gefairt-2021-119-kleiner-750x500.jpg 750w, https://das-gefairt.de/wp-content/uploads/2021/08/Gefairt-2021-119-kleiner.jpg 1620w" sizes="(max-width: 300px) 100vw, 300px" /><img loading="lazy" class="alignnone size-medium wp-image-1873" src="http://dasgefairt.de/wp-content/uploads/2024/01/Kleidung-fairbio-schwarz-300x115.png" alt="" width="300" height="115" srcset="https://das-gefairt.de/wp-content/uploads/2024/01/Kleidung-fairbio-schwarz-300x115.png 300w, https://das-gefairt.de/wp-content/uploads/2024/01/Kleidung-fairbio-schwarz-1024x393.png 1024w, https://das-gefairt.de/wp-content/uploads/2024/01/Kleidung-fairbio-schwarz-768x295.png 768w, https://das-gefairt.de/wp-content/uploads/2024/01/Kleidung-fairbio-schwarz-1536x589.png 1536w, https://das-gefairt.de/wp-content/uploads/2024/01/Kleidung-fairbio-schwarz.png 1773w" sizes="(max-width: 300px) 100vw, 300px" /></strong></span></p>

<p>Pressetexte und Fotos (frei zu verwenden für Werbung für&#8217;s Gefairt) Bitte verwenden Sie die Texte und Bilder gerne ergänzt um die notwendigen Informationen rund um Ihre Veranstaltung. 1179 Zeichen Das Gefairt- unterwegs mit fairer Kleidung Das Gefairt ist ein mobiler Laden mit fair gehandelter Kleidung für Frauen und Männer. Seit April 2017 lässt sich die [&hellip;]</p>
